
What is -12 + 86 + (-8 - 42) + 55?
79
Calculate (9 - 47) + 29 + (0 + 0 - 2 - 41).
-52
Evaluate -1 + 0 + (36 - (-32 - -46)).
21
What is the value of -32 + -33 + (-23 - -17 - -15)?
-56
Calculate (-30 - (21 + -120)) + -29 - 119.
-79
Evaluate (-16 - (8 - -9) - -31) + (0 - -41).
39
What is (-65 - -8) + 6 + -17 - ((9 - -8) + -4)?
-81
Calculate 38 - (51 + -29 - -50).
-34
What is the value of -31 + (-55 - (-53 - 8))?
-25
5 + (-51 + 17 - -22) - (2 - 21)
12
What is 2 + 57 + -3774 + 3763?
48
Evaluate (-18 + 9 - 9) + 116 + -31.
67
What is the value of (23 + -45 - -18 - 0 - (-12 + 0)) + 32?
40
What is -15 + -1 + -2 + 11 + -15 + 7?
-15
What is the value of 335 - 262 - (7 - (3 - 0))?
69
What is the value of (-32 + 7 - 11) + 21 + -28?
-43
What is the value of 0 + 54 + (5 - (2 + (-12 - (-37 + 10))))?
42
Evaluate 2 + ((-20 - -8 - -3) + 6 - -71) + 5.
75
What is 1 - (8 - (8 - 13) - -15)?
-27
What is 20 - 48 - -6 - -3 - 20?
-39
Calculate (0 + 10 - 1) + (-51 - (131 - 113)).
-60
Calculate 3 + (11 - (0 + (-3 - -7) + 7)).
3
Evaluate -419 + 181 + 280 - (0 - -93).
-51
-10 + -47 - -101 - (-2 - -4)
42
Evaluate (66 - 38) + 11 - 14.
25
Calculate -92 - ((3102 - 3112) + 8 + (-2 - (3 - 7))).
-92
Evaluate 1 + (-6 - -5) + 30 + -29.
1
Evaluate -3859 + 3702 - (3 - 19).
-141
-15 + 0 - (59 + -161 + 49)
38
What is the value of -3 - (1 - (40 - -4)) - (11 + -57 + 41)?
45
What is the value of 159758 + -159730 + (-39 - (1 + -2))?
-10
3 + -6 - (0 + (-3 - -22) + -84)
62
What is 0 + (-18 - (-36 - -20)) - -17?
15
Evaluate 15 - 7 - (98 + -3 - 11).
-76
Calculate 18 - 20 - (10 + (17 + -8 - -57)) - 5.
-83
What is the value of -16 + 18 - (-4 - 1 - (18 - (-15 + 35)))?
5
What is 1 + -5 + 0 + (-72 + 94 - (-6 + 1))?
23
Calculate -3 - 21 - (-446 + 422).
0
-28 - (112 + -37) - -29
-74
Calculate 1 - 9 - ((4 - 0) + (-19 - -22 - 0)).
-15
What is 10 + -14 + -14 + (-34 - -8)?
-44
What is (-10 - (-79 + (0 - (4 - 4)))) + -6 + -3?
60
56 - ((-72 - -65) + 33)
30
Calculate (2 - 14) + (-43 - (55 - 119)).
9
Evaluate (18 - (33 - 14)) + 1 + -1 - (60 - 77).
16
What is the value of -7 - -41 - 16 - 33?
-15
Calculate (-15 - -1 - 1) + 336 + -329 - -73.
65
Evaluate (-26 + 3 - (-1 + -1)) + (-30 - -7 - -23).
-21
Evaluate -104 + 11 + (2 - (-9 + 16 + -9 + 12)).
-101
What is the value of 2 + 2 - (-27 + 169 + -179 + (-1 - -11))?
31
What is the value of (7 + 25 + -25 - -8) + 32?
47
What is (-3365 - -3351) + 1 + -56?
-69
40 - 20 - 28 - (15 - 16 - (0 + -4))
-11
What is the value of (-5 + 18 - (33 + -13)) + -26 - -4?
-29
What is (-171 - (177 - 424)) + -19 + -1?
56
-20 + (1 - -20) + -30 + 1
-28
What is the value of -1 - (32 + (9 - -5) + (6 - 8))?
-45
Calculate 130 + -89 + (6 - 23).
24
6678 + -6701 - (2 + 1 + -4 - -3)
-25
-41 - ((10 - -2) + -40 + 15)
-28
What is the value of -43 + (99 - (40 - (17 - -70)))?
103
(181 - (313 - 102)) + (-1 - 6)
-37
(4 - (-101 - -34 - (-2 + 0))) + (-39 - -45)
75
Evaluate 3 + (33 - 11) + (4 - (4 + 6)).
19
What is the value of 1 + (73 - 23 - 50) + (0 - -59)?
60
What is -6 - (-9 - -26 - (-3 + -14))?
-40
Evaluate 9 + (53 - 12) - (-9 + 1 - -12 - 14).
60
23 - (125 + -75 + -64)
37
Evaluate (6 - 5) + -5 + -36 + (27 - 22).
-35
What is (-15 - -11 - 8) + 2 - 1?
-11
What is the value of 41 - (-47 - (32 - 76)) - 128?
-84
What is the value of 3 - (83 + -1) - (5 - (9 + -17 + 10))?
-82
Evaluate 18 + (-49 - (-36 + -5)) - (1 + 38).
-29
Calculate 31 - 2 - (-364 - -372) - (-80 + 3).
98
105 + -67 - (-9 - -43) - 127
-123
What is the value of -12 + (-213 + 234 - (-1 + 21))?
-11
-16 + (18 - (-2 - -1) - (-64 + -9 + 82))
-6
What is 51 - (76 - (87 - 40))?
22
(-2 - -6) + (-3 - (-5 + 3)) + -819 + 768
-48
What is -46 - ((-11 - -7 - 9) + -25)?
-8
Evaluate 8 + 2 + (-10 + 17 + -4 - 1).
12
What is (69 - -15) + -225 + 26?
-115
Calculate 14 + -19 + 35 + -32 + 20.
18
Evaluate -10 + 18 + 6 + 6 - -4 - 8.
16
What is the value of 68 + (-3 - (14 + -13 + (5 - -14) + -14))?
59
Evaluate -70 + 46 + (-81 - -47).
-58
Calculate 32 + 5 - (53 + 33).
-49
5 - (7 + 4 - (-141 + 131))
-16
What is the value of -56 + 58 - (43 - (-3 + -5 + 15))?
-34
Evaluate 92 - (10 - 3 - (-13 - (39 - 40))).
73
What is (-459 - -329) + 38 + 2?
-90
Evaluate -8 + (-29 - (-15 + -8)) + (-45 - 6).
-65
Evaluate (-31 - (10 + -40)) + -13 + 34.
20
What is the value of (-65 - (-58 - 71)) + -70?
-6
What is -6 - ((-33 - -52) + (13 - (-7 + 8)))?
-37
Calculate -39 - (18 + (-2 - 27)) - 67.
-95
What is (35 + 16 - 62) + -30?
-41
(3 - 0) + ((-4 - 0) + 11 - 55)
-45
Calculate -66 - -70 - ((0 + -8 - 7) + (1 - 5)).
23
Evaluate -1173 - -1199 - (4 - 5 - (1 - 2)).
26
What is -157 + 118 - 111 - -155?
5
What is 75 + -5 + (-10 - 1 - (-13 + 4 + 4))?
64
What is (-49 - 16) + (6 - -43)?
-16
What is the value of (-2 + 0 + 1 - 1) + (1865 - 1858) - 49?
-44
-73 + (69 - 8) - 22
-34
Evaluate -8 - (0 + 4 - 5) - (19 - (9 - 0)).
-17
What is the value of 22 + (-35 - 9 - 1) + -17?
-40
Calculate -34 + 14 + -8 + 4 + (1 - 2).
-25
Calculate 2406 + -2382 + 0 + -43 + (1 - 26).
-44
50 + (-2 - -16 - 2 - (-639 - -648))
53
44 - (-37 + 28 + 56)
-3
What is 5 + (267 - 289 - (-107 + 2))?
88
What is the value of 43 + (-136 - -95) + (0 - 10)?
-8
Evaluate (54 - (83 + 47)) + 61.
-15
Calculate -1288 - -1318 - (49 - -1).
-20
Evaluate (0 + -6 - (-102 - -116)) + 11.
-9
What is -37 + (-55 - (4 - (31 + -4)))?
-69
Evaluate 53 - (293 - (193 - 45)).
-92
Evaluate (92 - 14) + (6 + 10 + -42 - -13).
65
16 + -6 + (-1 - -13 - 22) - 63
-63
What is -82 - (-70 - 54 - -139)?
-97
-1 + 0 + 1 - 11 - (-3 + -85 - 7)
84
What is the value of (2 - (1 + -4)) + (-5 - (-59 + 22)) + -1?
36
What is the value of -6 + 0 + -1 + (136 + -21 - (77 - 35))?
66
-47 + (-26 - -4) + 42
-27
What is (-16 - -17) + 30 + 8 + -11?
28
Evaluate -128 + 57 - (-19 - -45).
-97
14 - ((39 - 51) + 61)
-35
What is 11 - (-6 + 7 + -9 - (-3 - 46))?
-30
What is the value of -356 + 353 - ((-1 + 4 - 48) + (9 - 5))?
38
What is the value of 101 + 2 - (-1049 + 1135)?
17
What is 12 + (-52 - (-51 - -9) - ((2 - 9) + 2))?
7
What is the value of -12 + (26 - 5) + -14 + 17 + -1 + 1?
12
20 + 43 + (26 - 4) + -41
44
What is 41 - (-38 + 48 - (0 - 3))?
28
What is 8 - 3 - (20 + 52 + -20)?
-47
(21 - 9) + -24 + 0 + 11 + -55
-56
Calculate (4 - 10) + 15 - 1 - -38.
46
(14 - 16) + 0 + 0 - 8 - -10
0
Calculate 6 - (3 + 1 + (8 - 7 - 54) + 10).
45
What is the value of 73 + 0 + (-1 - 1) + 468 + -809 + 343?
73
Calculate -104 + (-38 + 94 + -50 - -9).
-89
8 - ((1 - 22) + 22 + (11 - 22))
18
Evaluate 2033 + -2076 - (-124 + -5).
86
Evaluate 17 - 1 - (-7 + (146 - 30) + -18).
-75
Calculate (12 - -8 - 11) + 39 - (-11 - -29).
30
9 + (2 - 2) + (-21 - -12) + (-117 - -56)
-61
Calculate 12 + ((2 - 12 - -7) + 9 - 3).
15
Evaluate (1 - (-3 + 63)) + (-16 + 3 - (-1 + -24)).
-47
What is the value of 12 + 0 + (-24 - (-1 + 10 + -1))?
-20
Calculate (6971 - 6935) + 3 + -2 + -77.
-40
Calculate (14 - 21 - -120 - 17) + -9 + 10.
97
94 + 2 - (-3032 - -3144)
-16
Evaluate (4 - 22 - -42) + -59.
-35
What is the value of (-3 - 74) + -5880 + 6094?
137
What is the value of 9 + -1 - (4 + 4 + (5 - 8))?
3
What is 26 + 2 + -41 + (34 - -21) + -18?
24
(20 - (-72 + 0)) + -25
67
What is -22 - -30 - (55 + -30 - -33)?
-50
Calculate 51 - (-4 - (-50 + -9)) - (-1 - 63).
60
Evaluate 10 - -2 - -3 - (-47 - (-64 + 12)).
10
What is the value of -83 + 0 + 8 + (-33 - -48)?
-60
Calculate 80 + -48 + -33 + (38 - 82).
-45
63 - (-55 - -79) - -20
59
What is the value of 100 - (11 - (-1 + -2 + (-155 - -163)))?
94
What is the value of -2 + 12 + (-2 - -1 - 45)?
-36
What is the value of (17 - (23 + -14)) + (-5 - (110 + 9 - -10))?
-126
(-2 - -5) + 0 + (-12 - (5 + -17 + -4))
7
What is the value of (56 - 52) + 111 + -73?
42
Calculate 10 - -2 - -22 - (18 + -4).
20
91 - 13 - (-15 + 75)
18
What is -10 + -16 + (-11 - -14 - -88)?
65
What is the value of 1 + -17 + -1 + -6671 + 6681?
-7
What is the value of -84 + (-44 - (-151 + 50))?
-27
Calculate (-2 - (-18 - (-10 + (19 + -7 - 6)))) + -51.
-39
Evaluate (15 - (16 - -5) - (-63 + -5)) + -3 + 7.
66
(-2 - 13) + 56 + (19 - 11)
49
Evaluate -17 + -1 - (-61 - (49 - 114)).
-22
Calculate -13 + 184 + 188 + -243.
116
Evaluate 0 - (59 + -4 - (11 + 0 - -1)).
-43
(-10 - 0) + -1 + 0 + -30
-41
Calculate -6 + (-97 + 53 - -88).
38
-49 - 2 - (-97 + (-106 - -168))
-16
Evaluate 5 + -2 + 3 - (-164 - -433 - 261).
-2
Evaluate 112 + (-23 - (-69 + -24 + 48)).
134
What is the va